 - 292 = 5*n. What are the prime factors of k/9*(-12)/(-8)?
2, 13
Let t = 267 - 516. List the prime factors of t*1/(9/(-6)) + -1.
3, 5, 11
Let s = 1922 + -770. List the prime factors of s.
2, 3
Suppose 3*b + 13 = 2*b. Let u = b - -17. Suppose 0 = w - 3*j - u - 10, 3*j + 25 = 2*w. List the prime factors of w.
11
What are the prime factors of (2 + -217 + -6)/((-2)/4)?
2, 13, 17
Suppose 5*j - 15*t + 16*t = 11125, 4*t = 0. List the prime factors of j.
5, 89
Let y(o) = o**3 - 3*o**2 - 5*o + 8. Let w be y(4). Suppose 80 = 4*m + w*g, -2*g = 3*m - g - 54. List the prime factors of m.
17
Let p be 630 + 1 + (3 - 3). Let k = p - 401. List the prime factors of k.
2, 5, 23
Let r = -15 + 15. Let c be (0 - 0)*(r + -1). Suppose 2*i - 2*n = 8, c*i + 4*n = -2*i + 32. What are the prime factors of i?
2
Let s(n) = 6*n + 8. Let o(v) = 3*v + 4. Let r(d) = 5*o(d) - 3*s(d). Let t be r(11). List the prime factors of (t/3)/(1/(-3)).
37
Suppose 33 = -3*v + 12. List the prime factors of (-1 - (-241)/7) + 3/v.
3, 11
Let f = 182 + -100. Suppose -2*z + 6*z - 204 = 0. Let l = f - z. What are the prime factors of l?
31
Suppose -5 = -3*w + 1. Suppose 0 = 2*o + 4*u - 94, u + 221 = 4*o - w*u. List the prime factors of o.
53
Let h(b) = -2*b. Let a be h(-2). Let v(p) = -a - 2*p - 8*p - p**2 + 0 + 3*p. What are the prime factors of v(-5)?
2, 3
Suppose -4*r = -746 - 94. Suppose -5*u = 5*j - 0*u - r, 0 = 4*j + 3*u - 170. What are the prime factors of j?
2, 11
Let w(l) = -l**3 + 4*l**2 - l. Let v be w(2). Suppose 0 = -v*g + 191 + 61. List the prime factors of g.
2, 3, 7
Let o be 10/(-40) + (-1)/(-4). Let n(q) = q**2 - 10*q - 15. Let i be n(13). Suppose 4*g - i = 4*v + 76, 2*v + 10 = o. List the prime factors of g.
2, 5
Let h(q) = q + 1. Let c(t) = -3*t**2 + 5*t + 1. Let j(m) = -c(m) - 6*h(m). List the prime factors of j(7).
3, 7
Let r(s) = -48*s + 9. Let z be r(-5). Let g = z + 97. List the prime factors of g.
2, 173
Let z = 2119 - -2398. List the prime factors of z.
4517
Let y(m) = 8*m + 9 + 58*m**3 + 0 + 5*m**2 - 3*m - 59*m**3. Suppose -6*d + d = -30. List the prime factors of y(d).
3
Let n = -22 + 763. What are the prime factors of n?
3, 13, 19
Let x(s) = 1. Let g(f) = -4 - 2 - 3*f + 15*f + 7. Let u(l) = g(l) + 6*x(l). What are the prime factors of u(5)?
67
What are the prime factors of (-46)/161 - (-9613)/7?
1373
Suppose 73*o = 78*o - 360. List the prime factors of o.
2, 3
Let j = 7 + -19. Let y be (-124)/j + (-6)/(-9). Suppose -5*i = 3*k - y, 5*i + 0*k + 4*k - 8 = 0. List the prime factors of i.
2
Let g be (-12)/3*(-5)/(-4). Let j(a) = -a**3 - 4*a**2 + 6*a + 4. Let n be j(g). Let c = 10 + n. List the prime factors of c.
3
Suppose 9*p = 6*p + 1443. What are the prime factors of p?
13, 37
Let q(t) = t**2 - 3*t. Let j be q(4). What are the prime factors of j/(-26) - (-1070)/26?
41
Suppose 0 = -5*u + 2*t + 1914, -3*t = -2*u - 4*t + 762. Suppose u = -0*w + 2*w + 2*b, 3*b = -4*w + 759. What are the prime factors of w?
2, 3, 31
Let k(p) = p**2 + 2*p + 1. Let l be k(-3). Suppose a + l = 2*a. List the prime factors of (13/a)/((-1)/(-8)).
2, 13
Let p = 2166 + -1094. List the prime factors of p.
2, 67
Let r = 511 + -189. Suppose 3*s + 2*s = -3*t + r, 2*s - 5*t = 135. What are the prime factors of s?
5, 13
Suppose 0 = 5*y - 10*y - c + 6450, -y + 3*c + 1306 = 0. What are the prime factors of y?
1291
Let p(r) = 18 + 0*r - 4*r + 1 - 9. Let c be p(-20). Let z = c + -24. What are the prime factors of z?
2, 3, 11
Suppose 28*b + 929 - 83025 = 0. What are the prime factors of b?
2, 733
Let w(s) = -s**3 - 4*s**2 + 6*s + 2. Suppose -y + 27 = -5*r - 0*y, 5*y = -5*r - 15. Let q be w(r). What are the prime factors of 1/q + (-244)/(-12)?
2, 5
Suppose 6 = 5*j - 2*j. Let b(h) = -11*h - 2*h**j - h**2 + h + 2*h**2. List the prime factors of b(-9).
3
Suppose 33638 = 9*l + 2*l. What are the prime factors of l?
2, 11, 139
List the prime factors of (-7 - -10)/((-36)/(-68124)).
7, 811
Let k(p) = 2*p**2 + 16*p + 23. Let b(w) = w**2 + w - 1. Let f(q) = 3*b(q) - k(q). List the prime factors of f(18).
2
Suppose -5*r - s + 18 = 174, -132 = 4*r - s. Let f = 46 + r. List the prime factors of f.
2, 7
List the prime factors of ((-40)/6)/5*(-150)/4.
2, 5
Suppose -v = -z - 3*v + 209, 0 = -3*z - 4*v + 631. Let q = z - 130. List the prime factors of q.
83
Let x be 21/6*(-32)/56. What are the prime factors of (x/4)/((-2)/156)?
3, 13
Suppose 56 + 53 = -z. Let l = z - -202. List the prime factors of l.
3, 31
Suppose y + 14 = o, 0 = -2*o - 3*y + 7*y + 30. Let q = 34 - o. What are the prime factors of q?
3, 7
Let p be -1 + 3 + 0/2. Let a(w) = 2*w**2 - w - 2. Let m be a(-4). Suppose 2*r - r = p*n + m, 158 = 4*r + 3*n. List the prime factors of r.
2, 19
Suppose -12*h = -8*h - 20. Suppose h*i - 8 = 7, 0 = -4*s - 5*i + 479. What are the prime factors of s?
2, 29
Let h = -12 + 5. Let s = -21 + h. Let u = s - -41. List the prime factors of u.
13
Let k(q) = 5*q**2 + 11*q + 110. List the prime factors of k(-13).
2, 7, 29
Let q(v) = -v - 7. Let c be q(-7). Suppose 0 = 3*z - c*z - 12. Suppose 0 = -3*w - z*w + 21. What are the prime factors of w?
3
Let u(f) = -6*f + 144. Let p(n) = 2*n - 48. Let j(c) = 8*p(c) + 3*u(c). What are the prime factors of j(-18)?
2, 3, 7
Let r(o) = 6*o**3 + 5*o**2 - 3*o - 4. Let t be r(3). Suppose 2*n = -27 + 7. List the prime factors of 4/(-10) - t/n.
19
List the prime factors of (-10 - (-9 - -2))*-76.
2, 3, 19
Suppose -3*x - 4223 - 1923 = -5*k, 5*x = 2*k - 2447. What are the prime factors of k?
1231
Suppose -20*g - 207234 = -78*g. What are the prime factors of g?
3, 397
Let z = -18 + 21. Let k(f) = 7*f + f - f + 2 + z*f. What are the prime factors of k(4)?
2, 3, 7
Suppose 2*a - 4 = a, 8 = -2*m - a. Let t be m/(-8)*(-128)/(-24). List the prime factors of 188/16 + t/16.
2, 3
Let o(z) = 458*z - 69. What are the prime factors of o(2)?
7, 11
Let k(x) = 59*x + 9. Let f(n) = -58*n - 7. Let j(i) = 3*f(i) + 2*k(i). What are the prime factors of j(-3)?
3, 5, 11
Let r(m) = -845*m - 308. What are the prime factors of r(-5)?
3917
What are the prime factors of ((-730)/1)/(16 + -18)?
5, 73
Let z(o) = o**2 - 25*o + 128. List the prime factors of z(-36).
2, 7, 83
Let p(o) = 14*o - 5 - 3*o - o**2 - o. Let w be p(9). Suppose d - 120 = -w*d. List the prime factors of d.
2, 3
Let j(v) = -v**3 + 6*v**2 + 6*v + 7. Let r be j(7). Suppose r = -3*y - 2*z + 89, -6*z + 120 = 4*y - 2*z. List the prime factors of y.
29
Suppose -6*o - 2758 = -5*m - 2*o, -3*o = -9. List the prime factors of m.
2, 277
Suppose -5*c + 53 - 1053 = 0. What are the prime factors of (-1 - c) + 1/3*-9?
2, 7
Suppose -14*t = -283 - 2195. List the prime factors of t.
3, 59
Let i = -75 + 73. What are the prime factors of (-2 - (-1 - -1))/(i/73)?
73
Let a = -1005 - -1698. List the prime factors of a.
3, 7, 11
Let o(x) = -x**3 - 16*x**2 - x - 16. Let t be o(-16). Suppose 22 - 114 = -2*p - 2*d, t = -2*p + d + 86. List the prime factors of p.
2, 11
Let w(v) = -v**3 - 3*v**2 - 6*v + 8. Let g be w(-7). Suppose 2*t - g = -14. What are the prime factors of t?
2, 29
Let i be (-5 - 0)*(144/(-40) - -3). Suppose -i*c - 310 = -2*k, -c - c - 155 = -k. List the prime factors of k.
5, 31
Let a = 46 - 79. Let l(i) = -13*i + 1. Let o be l(-1). What are the prime factors of a/(-7) + 4/o?
5
Suppose -77*i + 82*i = 20055. What are the prime factors of i?
3, 7, 191
Let u = -23 + 23. Suppose h - d + 5 = u, -h + 0 - 11 = 5*d. List the prime factors of 68/2 + 3 + h.
31
List the prime factors of (20/4 + -9)/((-4)/3232).
2, 101
Let s(k) = -11*k**3 + 41*k + 32. Let h(b) = 4*b**3 - 14*b - 11. Let n(a) = -8*h(a) - 3*s(a). What are the prime factors of n(6)?
2, 71
Let a be (0 - -3 - 2)*74. Let w = a - 12. What are the prime factors of w?
2, 31
Let i(s) be the third derivative of 5/24*s**4 + 1/60*s**5 + 1/2*s**3 + 0 + 5*s**2 + 0*s. List the prime factors of i(-6).
3
Let l(y) be the first derivative of y**4/4 - 22*y**3/3 + 11*y**2 - 17*y + 12. What are the prime factors of l(21)?
2
Let a = 12 + 42. Suppose -a + 14 = 5*t. Let c(h) = 2*h**2 + 8*h - 10. What are the prime factors of c(t)?
2, 3
Let t(i) = -i**2 - 7*i + 7. Let o = 3 - 10. List the prime factors of t(o).
7
Let m(d) = -3*d. Let h(u) = -u + 1. Let y(v) = 5*h(v) - m(v). Let z be y(-12). What are the prime factors of z + ((-4)/4 - 1)?
3
Let n = 